(y) = y**2 + 4*y - 1. Let n(g) = -3*g**2 - 12*g + 4. Let f(v) = -2*n(v) - 7*x(v). Calculate f(z).
2
Let a(c) = -c**2 - c + 8 - 10*c + 6*c. Give a(-6).
2
Let s(z) = -7*z + 7. Let h(b) = 20*b - 21. Let c(o) = -6*h(o) - 17*s(o). Give c(7).
0
Suppose 2*a = a. Let t(z) = 10*z - 22. Let y(f) = -7*f + 15. Suppose -2*d + 27 = -2*j - 3*j, 3*d = -12. Let w(x) = j*y(x) - 5*t(x). Determine w(a).
5
Let a(f) be the third derivative of 2*f**2 + 1/4*f**4 - 2/3*f**3 + 0*f + 0 - 7/60*f**5 + 1/120*f**6. What is a(6)?
-4
Let s(q) = q**2 + 5*q + 8. Let x be s(-6). Suppose 2*u = -0*u + x. Let o(r) = r**2 - 7*r - 9. Give o(u).
-9
Let x(i) = i**3 + 4*i**2 - 6*i + 1. Let g = -43 + 38. Determine x(g).
6
Let g(o) = -o**3 + 5*o**2 + 6*o - 4. Suppose -2*a - r = -42 + 13, 0 = -2*a - 5*r + 33. Let x = -8 + a. Give g(x).
-4
Let r(l) be the first derivative of -l**3/3 + l**2 - 10*l - 1. Let m be r(7). Let c be (-4)/10*m/18. Let v(q) = 3*q**3 - q**2 + q - 1. Determine v(c).
2
Let x(m) be the second derivative of -m**5/20 + m**4/3 + 7*m**3/6 - 5*m**2/2 - m. Let d be -26 - (-3)/6*-4. Let o = 33 + d. What is x(o)?
5
Let z be 0/(2 - 3/3). Suppose y + 3 - 1 = z. Let w(x) = x**3 + 3*x**2 + x. Calculate w(y).
2
Let b(l) be the first derivative of l**2/2 + 7*l - 9. Determine b(0).
7
Let x(g) be the third derivative of -g**5/60 + 2*g**3/3 - 3*g**2. Let m = 4 + -1. Give x(m).
-5
Let s = 4 - 0. Suppose n - 2 = -s. Let b(x) = x**3 - 3*x - 2. What is b(n)?
-4
Suppose 5*w - 4*v - 15 = 17, w = 5*v + 19. Let f(q) = w*q - 1 + 0*q - 2 + 1. What is f(2)?
6
Let c(i) = i**2 + 5*i - 10. Let b be c(-7). Let a(s) be the third derivative of s**2 + 0*s + 1/120*s**6 + 0 + 0*s**b - 1/3*s**3 + 1/60*s**5. Give a(-2).
-6
Let l(y) = -y**2 - 5*y - 6. Let u be l(-4). Let a = u - -7. Let j(b) = -2*b + 4*b + 3 - 3*b + 7. Calculate j(a).
5
Let a(l) = -2*l + 2. Let h = -19 + 21. Calculate a(h).
-2
Let z(j) = -3*j + 3*j**3 - 4*j**3 - 5 - 5*j**2 + 5 + 4. Give z(-3).
-5
Let f(h) be the second derivative of -h**5/20 - h**4/12 + 3*h**2 + h. Let b be 0*(-3)/(-6)*1. Suppose b = y - 2*y. What is f(y)?
6
Let j(k) be the first derivative of -23*k**2/2 + 2. Let f(a) = 11*a. Let g(c) = -5*f(c) - 2*j(c). Give g(1).
-9
Suppose 3 = -3*g - 0*g. Let k be 1/(g/(-6) + 0). Let r(p) = -6 - 4*p - p**3 + k*p + 3*p**2 + 5*p. Calculate r(4).
6
Let y = 3 - 8. Let f(c) = -6*c**3 - 17*c**2 - 8*c + 6. Let o(n) = -4*n**3 - 11*n**2 - 5*n + 4. Let v(q) = y*f(q) + 8*o(q). What is v(-2)?
6
Let k(l) be the second derivative of -11*l**4/12 + l**3/3 - l**2/2 + 4*l + 7. Let x = -1 + 2. What is k(x)?
-10
Let c(m) = 2*m**3 + 2*m**2 - 11*m - 11. Let z(j) = -j**3 - j**2 + 6*j + 6. Let y(p) = 3*c(p) + 5*z(p). Let u(i) = i - 6. Let l be u(4). Calculate y(l).
-1
Let v(d) be the second derivative of -d**5/20 + d**3/6 + d**2/2 - d. Let b = -1 - -3. Let n be 2*(b - (-5)/(-2)). Give v(n).
1
Let p(w) = -w**3 + 7*w**2 - 7. Let o(t) = t**3 - t**2 - t + 1. Let h(m) = -2*o(m) - p(m). Suppose 0 = -0*r - 3*r - 15. Determine h(r).
-5
Suppose -4*w - 3*w = 0. Let a(q) = q - 17. Determine a(w).
-17
Let c(q) = -q**3 - 2*q**2 + 1. Let v = -18 + 23. Suppose -2 = -4*z - 3*t, -z - 9 = -2*z - v*t. Calculate c(z).
0
Let s(d) = -5*d. Let j be ((-8)/20)/(2/(-10)). Suppose -4 = -2*r - 4*b, -j*r = r + 3*b. What is s(r)?
10
Let v be 21/(-90) + 1/4. Let k(o) be the third derivative of -v*o**5 - 1/120*o**6 + 0*o**3 - o**2 - 1/24*o**4 + 0 + 0*o. Give k(-2).
6
Let p be (9 + -7)/((-9)/6 + 2). Let x(s) = 0 - 2 + 3 - s. Determine x(p).
-3
Let l(j) = 3*j + 4. Let k(t) = t + 1. Let b(c) = 12*k(c) - 3*l(c). Let a(r) = -7*r + 1. Let i(f) = -2*a(f) - 5*b(f). What is i(-3)?
1
Suppose 43 = 5*c + h + 12, -3*c = h - 19. Suppose -2*o + c = -0*z - 3*z, -5*o = -z + 11. Let w(a) = a**3 + 5*a**2 + 4*a - 3. Calculate w(z).
-3
Let d(k) = -k**2 + 2*k. Let y(v) = v**3 + 5*v**2 - 8*v - 9. Let c be y(-6). Let b be d(c). Let j(i) = i**3 + i**2 - i + 3. Determine j(b).
-12
Let r(b) = -b**3 + 6*b**2 - 2*b - 4. Let w(c) = c**3 - c**2 + 1. Let z(n) = -r(n) - 2*w(n). Calculate z(-4).
-6
Let x be (-1)/((6/15)/2). Let w(l) = l - 7. Let g(y) = y - 8. Let q be 1*8 + 4 + -5. Let n(z) = q*w(z) - 6*g(z). Determine n(x).
-6
Let k(y) = -y - 1. Let z(x) = -2*x - 3. Let w(h) = -10*k(h) + 4*z(h). Calculate w(2).
2
Let o(i) = i - 3. Let d(w) = 1. Let g(f) = -5*d(f) + o(f). Let b be g(4). Let v(x) = 3 - 5 - x + 0*x. Calculate v(b).
2
Let w be 56/(-10) - 4/10. Let r be (2/(-3))/((-1)/3). Let h(m) = -r - 2*m - 5 + 0. Determine h(w).
5
Let u = -17 + 17. Let n(z) = -3*z**2 + 2*z**2 + 10 + u*z - z - 5*z. Calculate n(-7).
3
Let j(k) = -k**2 - k + 3. Suppose 4*r - 19 = -7. Let t = r + -3. Let h be j(t). Let f(v) = v**2 - 3*v. Give f(h).
0
Suppose 0 = 3*b + 13*b - 80. Let a(d) be the first derivative of d**2/2 - 1. Calculate a(b).
5
Suppose 19*h - 8 = 11*h. Let s(p) = -8*p. Calculate s(h).
-8
Let b(d) be the second derivative of d**5/20 - d**4/2 - d**3/3 + 5*d**2/2 - 25*d. Give b(6).
-7
Let k(f) = -2 - 183*f + 4*f**2 + 183*f. Give k(2).
14
Let m be (0 - -2) + -9 + 5. Let s(q) be the first derivative of -3*q**2 - 3*q + 2. Calculate s(m).
9
Let a(n) = -4*n**3 + 22*n**2 + 3*n - 16. Let l(r) = -r**3 + 7*r**2 + r - 5. Let y(h) = 2*a(h) - 7*l(h). Calculate y(-4).
-9
Let a(u) = -u + 1. Let t(o) = -o - o + 3*o. Let i(m) = -a(m) - 3*t(m). Let s(y) = y**2 - 12*y + 12. Let b be s(11). Give i(b).
-3
Let c = -4 + 4. Suppose 2*b - b - 2 = c. Let a(m) = -5 + b + 2 - m. Determine a(-4).
3
Let o(u) = u**3 + 4*u**2 - 4*u - 1. Let c(a) = a**2 - 7*a + 1. Let h be c(6). What is o(h)?
-6
Let m(d) be the second derivative of d**5/20 + d**4/6 - d**3/2 - 2*d**2 + 43*d. Determine m(-3).
-4
Let w(d) = -d - 1. Let n(v) = -v**3 + 3*v**2 - 3*v + 5. Let l be n(4). Let q = -16 - l. Suppose -q*j = -3*j + 12. Determine w(j).
2
Let t(l) = l. Let y(d) = d**2 + 5*d + 1. Let s(i) = -2*t(i) - y(i). Give s(-6).
5
Let x(q) = -7*q + 1. Let w(z) = z**3 + 19. Let c be w(0). Suppose r = 4*t - c + 2, 5*r = 3*t - 34. Suppose 0 = -5*b + t*l - 4, 3*l = 4*b - 3*b + 8. Give x(b).
-6
Let a(r) = 12*r + 3. Let p be a(0). Let l(h) = h**2 - 2*h - 3. Give l(p).
0
Let t(h) = h**2 + 4*h. Let b(g) = g**2 + 4*g + 1. Let k(d) = -2*b(d) + 3*t(d). Give k(-3).
-5
Let t(y) = -2*y**2 + 9*y + 7. Let o(g) = -3*g**2 + 13*g + 10. Let i(p) = 5*o(p) - 7*t(p). Determine i(-1).
-2
Let q(u) = u**2 + 7*u + 3. Let w(p) = p**3 + 8*p**2 + p + 1. Let b be w(-8). What is q(b)?
3
Let r(u) = -u**3 - 5*u**2 - 3. Let q(z) = -z**3 - 5*z**2 - 3. Let j(s) = 5*q(s) - 4*r(s). Calculate j(-5).
-3
Let f(b) = 2*b**3 - 5*b**2 + 2. Let h(p) = 3*p**3 - 5*p**2 - p + 1. Let j(x) = 4*f(x) - 3*h(x). Suppose 4*t - 9 - 23 = 0. Let r = -13 + t. Calculate j(r).
-10
Let v(m) = -m + 8. Let z = -5 - -19. Let o = 20 - z. Determine v(o).
2
Let w(b) = -b**3 - 2*b**2 + b. Let k be (3 + 3/(-1))/1. Suppose -2*m + 1 = -3*h, -m + 5 = -3*h - k*m. Give w(h).
6
Let z(w) = -2*w**3 - w**2 + w - 4. Let k be z(-2). Let u(o) = 0*o**2 + 2*o**2 + 6*o - 3*o**2. What is u(k)?
0
Let c(q) be the second derivative of q**3/6 - 7*q. What is c(-3)?
-3
Let m(i) = -i**3 - 4*i**2 + i + 2. Suppose 0 = -0*l - 2*l + 8. Suppose 0 = -2*t + 2, -l*n - 3*t - 13 = -0*n. Give m(n).
-2
Let i(j) = 3*j + 1. Let a(p) = 4*p + 2. Let r(s) = 4*a(s) - 5*i(s). Let d = -52 - -46. What is r(d)?
-3
Let h(f) = f**2 - 4*f - 1. Let s be (-1)/(((-9)/(-3))/(-12)). Suppose 0 = s*g - 4. Let v be (10/4)/(g/2). What is h(v)?
4
Suppose 212 = 5*r + 172. Let l(z) = z**3 - 8*z**2 + 2*z + 2. Give l(r).
18
Suppose 5*j + 25 = 0, -5*d + 6*j + 45 = j. Let o = d + -9. Let l(n) = -7*n**2 + 3*n**2 + 3 + 7*n + 2*n**3 - 4*n**3 + n**3. Calculate l(o).
-7
Suppose -2*d + c + 3 = 0, 5*d + 4*c = 38 + 2. Let z(f) = f - 6 - 2*f - f**2 + 6*f. Determine z(d).
-2
Suppose -4*a = -n - 2*n - 3, -5*n = -a + 5. Let j(u) be the first derivative of 3*u**3 - 2*u**3 + u - 6*u**3 + u**2 - 1 + 8*u**3. Determine j(n).
8
Let a = 1 - -1. Let l(m) = -131*m + 252*m - 122*m. Determine l(a).
-2
Let y(u) = -u**2 - 13*u + 8. Let j(t) = t**2 + 12*t - 7. Let r(x) = 5*j(x) + 4*y(x). Calculate r(-8).
-3
Let k(c) = -3*c - 1. Let t(j) = -5*j - 1. Let u(l) = 7*k(l) - 4*t(l). Let h(o) = o + 3. Let z be (1 + (1 - 1))*-3. Let d be h(z). What is u(d)?
-3
Let k(t) be the second derivative of t**5/20 + t**4/6 + t**3/6 + t**2/2 + t. Give k(-2).
-1
Let t(f